Suppose -2*q - 16 = -8. Let v(k) = k**3 + 12*k**2 + 17*k + 12. What is the units digit of v(q)?
2
Let n be ((-2)/7 + 25/(-35))*6. Let c be n/2 - (-7 + 1). What is the units digit of (c + -4)/(3/(-273))?
1
Suppose 18 = 2*z + v - 15, -z - v + 17 = 0. Let x be ((-24)/78)/((-22)/143). What is the tens digit of 92 - z - -1*(-2)/x?
7
What is the tens digit of -174646*3/(-54) - (-132)/297?
0
Suppose 3*j = 9*j. Let x be 1 + (-3 - -2) - j. Suppose x = -2*o + 75 - 25. What is the tens digit of o?
2
Suppose 0 = 37*j - 45*j + 784. Let l = 804 - j. What is the hundreds digit of l?
7
Suppose -5*g = -4*t - 33752, -2*t + 479 = 475. What is the thousands digit of g?
6
Suppose 92*i - 256*i = 29*i - 11466902. What is the units digit of i?
4
Let x = -119 + 125. Suppose -187 = x*z - 667. What is the units digit of z?
0
Let b(x) = 24*x - 264. Let h be b(11). Suppose d - 1979 = -3*g, h*d + 1331 = 2*g + 3*d. What is the units digit of g?
8
Suppose 42042 = 4*f + 5*w + 1909, 0 = 4*w - 4. What is the hundreds digit of f?
0
Suppose 4*l = 2 + 6. Suppose 5*n + 57 = l*p, 4*n = -22 + 2. Suppose -p*m + 357 = -587. What is the tens digit of m?
5
What is the thousands digit of 19574 - 336/(-16) - -9?
9
Let x = -383 - -317. What is the units digit of (-12)/66 - 16734*4/x?
4
Let t be (5 - -10)*(-4)/(-20). Let c(h) = 3*h + 2 + 0*h**3 + 2*h**3 + 0. What is the tens digit of c(t)?
6
Let h(i) = 837*i**3 + 11*i**2 + 3*i + 2. Let l(o) = -418*o**3 - 5*o**2 - 2*o - 1. Let c(t) = 2*h(t) + 5*l(t). What is the units digit of c(-1)?
6
Let n = -670 - -20138. What is the hundreds digit of n?
4
Let l = 13054 + 13173. What is the ten thousands digit of l?
2
Let i = -66 - -64. Let j(a) = -13*a - 20. Let q be j(i). Suppose -q*f = -305 + 77. What is the units digit of f?
8
Let q be 8/(-12) + (-88)/12. Let w be ((-50)/q)/(6/12)*2. What is the units digit of (-75)/w*236/(-3)?
6
Suppose -6*u = -34 - 20. Suppose 20*m = u*m + 1023. Let x = 12 + m. What is the tens digit of x?
0
What is the units digit of ((-4 + 21/6)*-7190)/5?
9
Let v be (16 - 14)/(1 + -3) - 3. What is the units digit of ((v - -9) + -7)*1 - -246?
4
Let i = -8671 + 13911. What is the units digit of i?
0
Let u(r) be the third derivative of r**4/24 - 2*r**2. Let g = -1016 + 1035. What is the tens digit of u(g)?
1
Suppose -14357724 = 59*m - 106*m - 157*m. What is the hundreds digit of m?
3
Suppose 2840 = 4*k - s, 4*k - 2*s - 2*s - 2840 = 0. Let d = k - 185. Suppose 5*w = -5*v + 350, 5*w - 2*v + 154 = d. What is the units digit of w?
3
What is the hundreds digit of 5 + (-344)/72 + 238960/36?
6
Let y = -3417 - -8267. What is the hundreds digit of y?
8
Let w(t) = t**2 + 18*t - 21. Let z be w(-19). Let i(m) = 6*m**2 + m + 6. Let x be i(z). Let a = x + 85. What is the hundreds digit of a?
1
Suppose 2*g + 2*x = 488, 0 = -5*g + 2*x + 1422 - 223. Let t = 743 - g. What is the units digit of t?
2
Let c(w) = 2*w - 10. Let y be c(3). Let u be y + -27*2/(-3). What is the units digit of (-21)/u*170/(-3)?
5
Let h(u) = 2*u**3 - 25*u**2 - 92*u + 551. What is the ten thousands digit of h(30)?
2
Let p = 325 + 490. Suppose -y + p = -219. What is the units digit of y?
4
Suppose 5*g = y - 34164, -4*g - 136608 = 2807*y - 2811*y. What is the hundreds digit of y?
1
Suppose -5*h + 43513 = -3*u, -9*h + 13*h - 34814 = 2*u. What is the tens digit of h?
0
Let i = 8379 - -11602. What is the hundreds digit of i?
9
Let j(o) = -o**3 - 28*o**2 + 42*o - 188. What is the hundreds digit of j(-35)?
9
Suppose 6 = 3*a - 3. Suppose 0 = -5*p + 2*p. Suppose a*k = -p*k + 51. What is the units digit of k?
7
Let u be 11/(-4) - 19/76. Let o(i) = 50*i + 7. Let k be o(u). What is the tens digit of 26/k + 992/11?
9
Let x(i) = 68*i**3 - 44*i**2 + 274*i - 7. What is the hundreds digit of x(5)?
7
Let p = 347 - 377. What is the tens digit of (-51)/(-765) + (-24808)/p?
2
Let o be 1 - 68 - (-13)/(52/(-16)). Let x = o + 74. Suppose -5*q = -j + 58, x*j - 88 - 106 = -5*q. What is the tens digit of j?
6
Suppose -312760 = 15*o + 280505. Let k = o - -22543. What is the tens digit of k/(-72) - (-2)/(-9)?
3
Let b(n) = n**2 + 31*n + 33. Let c be b(-39). Let s = 1414 - c. What is the thousands digit of s?
1
Let c(v) = 2*v + 7. Let s be c(6). Suppose 4*m + 13*n = 11*n + 2570, -2*m + 4*n + 1300 = 0. Suppose -m = 15*q - s*q. What is the hundreds digit of q?
1
Let x(o) = o**3 - 22*o**2 - 24*o + 28. Suppose -5*b = 5, -4*q + 55 = -3*b - 40. Let c be x(q). Let u(w) = 32*w - 22. What is the tens digit of u(c)?
3
What is the ten thousands digit of 14/((-18594)/(-231300) - (-8)/(-100))?
3
Suppose 4*p + 17 = 5*p. Let v be 68/p - (1 + 0). Suppose -v*s + 0*s + 114 = 0. What is the tens digit of s?
3
Let l be (-5)/(-3) + 7/21. Suppose l*m = 3*x - 2257, -m + 4 = -3*m. What is the units digit of x?
1
Suppose -13 = 3*r - 64. Let w(o) = 2*o**2 - 30*o + 13. Let l(v) = 2*v**2 - 30*v + 12. Let s(g) = -5*l(g) + 6*w(g). What is the tens digit of s(r)?
8
Let w = 2005 - 1425. What is the units digit of w?
0
Suppose 82*w = 87*w - p - 38811, -20 = -5*p. What is the tens digit of w?
6
Suppose 3*h + 2*u = -2 - 2, -8 = -3*h - 5*u. Let q be (3 + -2 - (-4)/h)/2. What is the tens digit of (-1 + 2 - -50) + q?
5
Suppose -2*b = -16, -137*k - 38302 = -138*k - 11*b. What is the ten thousands digit of k?
3
Suppose -15*n - 2*u - 6631 = -16*n, 3*n - u = 19903. What is the tens digit of n?
3
Suppose 18*n = -14*n + 19282 + 32718. What is the thousands digit of n?
1
Let n(l) be the first derivative of -282*l**4 + l**3 + 3*l**2 + 4*l + 57. What is the tens digit of n(-1)?
2
Let t be 0/(6/(-3) - -1). Suppose -33*h + 28*h + 3325 = t. What is the tens digit of h?
6
What is the hundreds digit of (-44804)/8*2/((2 - -2) + -5)?
2
Suppose 229066 - 56880 = 4*a - 2*g, -3*g + 172201 = 4*a. What is the units digit of a?
8
Let x = 86 + -55. Let s be x/(-1*1*(-2)/(-24)). Let n = -235 - s. What is the tens digit of n?
3
Suppose -h = -5 + 2. Suppose -101 = -5*s + 2*g, -2*s + 4*s - 36 = h*g. Let b = 29 - s. What is the units digit of b?
8
Let m = 142545 - 98270. What is the ten thousands digit of m?
4
What is the thousands digit of 86284098/(-7272)*((-3)/1 - 1)?
7
Suppose b - 2*y = 6, 0 = -b - 4*y - 0*y + 36. Suppose b + 124 = 7*k. Suppose -17*n + k*n = 588. What is the units digit of n?
6
Let p(b) = 5*b**2 + 134*b - 226. What is the hundreds digit of p(-68)?
7
Suppose 0 = -3*r + 13 - 7. Suppose 4*c = -r*c + 1746. Suppose -17*k - c = -20*k. What is the tens digit of k?
9
Let f be ((-16)/12)/((42/(-18))/7). Suppose 0 = b - t - 434, 2*b + 886 = f*b + 4*t. What is the tens digit of b?
3
Let v(d) = -369*d + 698. What is the units digit of v(-6)?
2
What is the tens digit of 6 + (-1)/((-1)/((-2049)/(-2052)) - -1)?
8
Suppose 0*u = 5*u, -5*t + 5*u + 40286 = -3*t. What is the units digit of t?
3
Suppose -9*h + 10656 = -31140. Suppose -5*c = -2*d - h, c + 6*d - 2*d - 942 = 0. What is the units digit of c?
0
Suppose -4*k + 376 = n - 1554, -4*k - 9626 = -5*n. What is the tens digit of n?
2
Let v(j) = j - 7*j + 2*j**3 + 787*j**2 - 799*j**2 - 20. Let w be v(-8). What is the tens digit of w/(-10) - (-8)/(-20)?
7
Suppose -3*z - 2*z + 15 = 0. Let j be z - ((-6)/(-4) - 57/38). What is the tens digit of j/4 + 185/20?
1
What is the thousands digit of 30/(-18)*128979/(-45)?
4
Let v(b) = b**3 - 5*b**2 + 9*b + 1. Let r = -119 - -115. Let w be r/((-32)/38) - (-1)/4. What is the tens digit of v(w)?
4
Let l(o) = 5*o**2 - 310*o + 365. What is the tens digit of l(69)?
8
Let n(z) = -3*z - 34. Suppose -g - 52 = 4*h, 0 = 5*h - 4*g - 49 + 135. Let b be n(h). Suppose 4*p + 280 = b*p. What is the tens digit of p?
7
Let y(z) = -4*z**3 - 6*z**2 - 42*z - 14. What is the thousands digit of y(-9)?
2
Let p be (-4)/12 + 1136/6. Suppose 190*x - 392 = p*x. What is the tens digit of x?
9
Let o be 6/(30/1855) + 0 + -2. Suppose -364*r = -o*r + 890. What is the tens digit of r?
7
Suppose -63 = 2*v + 93. Let x = v + 51. Let r = x - -184. What is the units digit of r?
7
What is the tens digit of 55828/10 - (-25)/(138 + -13)?
8
Suppose 0 = -3*m - 2 - 1, 4*c = 2*m + 818. Let f be (29 - (-578)/(-20)) + (-1062)/20. Let t = c + f. What is the tens digit of t?
5
Suppose 0 = 4*r - s - 83018, -5*s = -3*r - 7797 + 70035. What is the ten thousands digit of r?
2
Suppose -5*g = 7*g - 936. What is the hundreds digit of ((-